{"id":95,"date":"2023-10-15T17:20:15","date_gmt":"2023-10-15T15:20:15","guid":{"rendered":"http:\/\/yoga73.fr\/?page_id=95"},"modified":"2025-10-05T16:40:16","modified_gmt":"2025-10-05T14:40:16","slug":"stages","status":"publish","type":"page","link":"http:\/\/yoga73.fr\/?page_id=95","title":{"rendered":"Stages"},"content":{"rendered":"\n<p>Prochain stage \u00e0 venir : Massages Tha\u00ef et Yoga sur chaise le <strong>Samedi 8 novembre 2025<\/strong> dans la salle des f\u00eates de La Bauche.<\/p>\n\n\n\n<p><strong>D\u00e9roulement de la journ\u00e9e<\/strong><\/p>\n\n\n\n<p><strong>9h00 \u2013 9h30&nbsp;: accueil autour d\u2019une boisson chaude (<\/strong>celles et ceux qui le souhaitent peuvent apporter une collation \u00e0 partager)<\/p>\n\n\n\n<p><strong>9h30 \u2013 12h30\u00a0: Stage d\u2019initiation Massage Tha\u00ef <\/strong>anim\u00e9 par Sonia AMOUYAL\u00a0, Praticiennne en massage tha\u00ef \u2013 osth\u00e9otha\u00ef<\/p>\n\n\n\n<p><strong>12h30 &#8211; 14h30&nbsp;: repas tir\u00e9 des sacs <\/strong>(amener vos couverts, assiette et verre<strong>)<\/strong><\/p>\n\n\n\n<p>Ballade digestive si le temps le permet<\/p>\n\n\n\n<p style=\"line-height:1.5\"><strong>14h30 &#8211; 16h30\u00a0: D\u00e9couverte de la pratique du Yoga sur chaise <\/strong>anim\u00e9e par Ghislaine DALLET, Professeur de Yoga<\/p>\n\n\n\n<p><strong>16H30 \u2013 17H00\u00a0: <\/strong>fin du stage autour d\u2019une boisson chaude<\/p>\n\n\n\n<p>Voir le descriptif complet et le bulletin d&rsquo;inscription en pi\u00e8ce jointe \u00e0 renvoyer \u00e0 yogapourtousaps@mailo.com <\/p>\n\n\n\n<div data-wp-interactive=\"core\/file\" class=\"wp-block-file\"><object data-wp-bind--hidden=\"!state.hasPdfPreview\" hidden class=\"wp-block-file__embed\" data=\"http:\/\/yoga73.fr\/wp-content\/uploads\/2025\/10\/Stage-Yoga-nov-2025.pdf\" type=\"application\/pdf\" style=\"width:100%;height:600px\" aria-label=\"Contenu embarqu\u00e9 Stage Yoga nov 2025.\"><\/object><a id=\"wp-block-file--media-8378edf8-b47b-48a9-aedc-ef6f2082ee83\" href=\"http:\/\/yoga73.fr\/wp-content\/uploads\/2025\/10\/Stage-Yoga-nov-2025.pdf\">Stage Yoga nov 2025<\/a><a href=\"http:\/\/yoga73.fr\/wp-content\/uploads\/2025\/10\/Stage-Yoga-nov-2025.pdf\" class=\"wp-block-file__button wp-element-button\" download aria-describedby=\"wp-block-file--media-8378edf8-b47b-48a9-aedc-ef6f2082ee83\">T\u00e9l\u00e9charger<\/a><\/div>\n\n\n\n<p><\/p>\n\n\n\n<p><\/p>\n\n\n\n<p style=\"text-decoration:underline\">Stages des ann\u00e9es pr\u00e9c\u00e9dentes<\/p>\n\n\n\n<ul class=\"wp-block-list\">\n<li>Yoga et respiration le <strong>Samedi 22 mars 2025<\/strong> avec Mireille et Jean-Jacques Amouyal. <\/li>\n<\/ul>\n\n\n\n<ul class=\"wp-block-list\">\n<li>Yoga Chants et Mantras le <strong>Samedi 11 novembre 2023 <\/strong><br><strong>au Gu\u00e9 des planches<\/strong> <strong>de 9h30 \u00e0 17h&nbsp;<\/strong><\/li>\n<\/ul>\n\n\n\n<p>Anim\u00e9 par Marina Florencio de Macedo et Emilie Ragni<\/p>\n\n\n\n<p>Initiation \u00e0 la pratique des mantras, en travaillant notamment la respiration, la voix, le son, les postures.<\/p>\n\n\n\n<p><\/p>\n\n\n\n\n\n<p><\/p>\n","protected":false},"excerpt":{"rendered":"<p>Prochain stage \u00e0 venir : Massages Tha\u00ef et Yoga sur chaise le Samedi 8 novembre 2025 dans la salle des f\u00eates de La Bauche. D\u00e9roulement de la journ\u00e9e 9h00 \u2013 9h30&nbsp;: accueil autour d\u2019une boisson chaude (celles et ceux qui le souhaitent peuvent apporter une collation \u00e0 partager) 9h30 \u2013 12h30\u00a0: Stage d\u2019initiation Massage Tha\u00ef [&hellip;]<\/p>\n","protected":false},"author":1,"featured_media":0,"parent":0,"menu_order":0,"comment_status":"closed","ping_status":"closed","template":"","meta":{"footnotes":""},"class_list":["post-95","page","type-page","status-publish","hentry"],"_links":{"self":[{"href":"http:\/\/yoga73.fr\/index.php?rest_route=\/wp\/v2\/pages\/95","targetHints":{"allow":["GET"]}}],"collection":[{"href":"http:\/\/yoga73.fr\/index.php?rest_route=\/wp\/v2\/pages"}],"about":[{"href":"http:\/\/yoga73.fr\/index.php?rest_route=\/wp\/v2\/types\/page"}],"author":[{"embeddable":true,"href":"http:\/\/yoga73.fr\/index.php?rest_route=\/wp\/v2\/users\/1"}],"replies":[{"embeddable":true,"href":"http:\/\/yoga73.fr\/index.php?rest_route=%2Fwp%2Fv2%2Fcomments&post=95"}],"version-history":[{"count":13,"href":"http:\/\/yoga73.fr\/index.php?rest_route=\/wp\/v2\/pages\/95\/revisions"}],"predecessor-version":[{"id":203,"href":"http:\/\/yoga73.fr\/index.php?rest_route=\/wp\/v2\/pages\/95\/revisions\/203"}],"wp:attachment":[{"href":"http:\/\/yoga73.fr\/index.php?rest_route=%2Fwp%2Fv2%2Fmedia&parent=95"}],"curies":[{"name":"wp","href":"https:\/\/api.w.org\/{rel}","templated":true}]}}

<p>Prochain stage à venir : Massages Thaï et Yoga sur chaise le <strong>Samedi 8 novembre 2025</strong> dans la salle des fêtes de La Bauche.</p>



<p><strong>Déroulement de la journée</strong></p>



<p><strong>9h00 – 9h30&nbsp;: accueil autour d’une boisson chaude (</strong>celles et ceux qui le souhaitent peuvent apporter une collation à partager)</p>



<p><strong>9h30 – 12h30 : Stage d’initiation Massage Thaï </strong>animé par Sonia AMOUYAL , Praticiennne en massage thaï – osthéothaï</p>



<p><strong>12h30 &#8211; 14h30&nbsp;: repas tiré des sacs </strong>(amener vos couverts, assiette et verre<strong>)</strong></p>



<p>Ballade digestive si le temps le permet</p>



<p style="line-height:1.5"><strong>14h30 &#8211; 16h30 : Découverte de la pratique du Yoga sur chaise </strong>animée par Ghislaine DALLET, Professeur de Yoga</p>



<p><strong>16H30 – 17H00 : </strong>fin du stage autour d’une boisson chaude</p>



<p>Voir le descriptif complet et le bulletin d&rsquo;inscription en pièce jointe à renvoyer à yogapourtousaps@mailo.com </p>



<div data-wp-interactive="core/file" class="wp-block-file"><object data-wp-bind--hidden="!state.hasPdfPreview" hidden class="wp-block-file__embed" data="http://yoga73.fr/wp-content/uploads/2025/10/Stage-Yoga-nov-2025.pdf" type="application/pdf" style="width:100%;height:600px" aria-label="Contenu embarqué Stage Yoga nov 2025."></object><a id="wp-block-file--media-8378edf8-b47b-48a9-aedc-ef6f2082ee83" href="http://yoga73.fr/wp-content/uploads/2025/10/Stage-Yoga-nov-2025.pdf">Stage Yoga nov 2025</a><a href="http://yoga73.fr/wp-content/uploads/2025/10/Stage-Yoga-nov-2025.pdf" class="wp-block-file__button wp-element-button" download aria-describedby="wp-block-file--media-8378edf8-b47b-48a9-aedc-ef6f2082ee83">Télécharger</a></div>



<p></p>



<p></p>



<p style="text-decoration:underline">Stages des années précédentes</p>



<ul class="wp-block-list">
<li>Yoga et respiration le <strong>Samedi 22 mars 2025</strong> avec Mireille et Jean-Jacques Amouyal. </li>
</ul>



<ul class="wp-block-list">
<li>Yoga Chants et Mantras le <strong>Samedi 11 novembre 2023 </strong><br><strong>au Gué des planches</strong> <strong>de 9h30 à 17h&nbsp;</strong></li>
</ul>



<p>Animé par Marina Florencio de Macedo et Emilie Ragni</p>



<p>Initiation à la pratique des mantras, en travaillant notamment la respiration, la voix, le son, les postures.</p>



<p></p>





<p></p>

<p>Prochain stage à venir : Massages Thaï et Yoga sur chaise le Samedi 8 novembre 2025 dans la salle des fêtes de La Bauche. Déroulement de la journée 9h00 – 9h30&nbsp;: accueil autour d’une boisson chaude (celles et ceux qui le souhaitent peuvent apporter une collation à partager) 9h30 – 12h30 : Stage d’initiation Massage Thaï [&hellip;]</p>
